{"id":27317,"date":"2024-04-18T22:13:06","date_gmt":"2024-04-18T22:13:06","guid":{"rendered":"https:\/\/www.gtaingenieria.com\/?page_id=27317"},"modified":"2024-06-20T21:39:47","modified_gmt":"2024-06-20T21:39:47","slug":"proveedores-2","status":"publish","type":"page","link":"https:\/\/www.gtaingenieria.com\/index.php\/proveedores-2\/","title":{"rendered":"Portal Proveedores"},"content":{"rendered":"<p>[vc_row][vc_column css=&#8221;.vc_custom_1715188948276{margin-top: 3px !important;margin-right: 3px !important;margin-bottom: 3px !important;margin-left: 3px !important;border-top-width: 3px !important;border-right-width: 3px !important;border-bottom-width: 3px !important;border-left-width: 3px !important;padding-top: 3px !important;padding-right: 3px !important;padding-bottom: 3px !important;padding-left: 3px !important;}&#8221;]<div class=\"column_filters\"><div class=\"portfolio_wrapper isotope_wrapper \"><ul class=\"portfolio_group lm_wrapper isotope col-3 masonry-hover\"><li class=\"portfolio-item isotope-item category-proveedores  no-thumbnail\"><div class=\"masonry-hover-wrapper\"><div class=\"hover-desc bg-dark\" style=\"\"><div class=\"desc-inner\"><h3 class=\"entry-title\" itemprop=\"headline\"><a class=\"link\" href=\"https:\/\/www.gtaingenieria.com\/index.php\/portfolio-item\/inscripcion-y-seleccion-del-proveedor\/\">INSCRIPCI\u00d3N Y SELECCI\u00d3N DE PROVEEDORES<\/a><\/h3><div class=\"desc-wrappper\">Bienvenido a Nuestra Secci\u00f3n de Inscripci\u00f3n y Selecci\u00f3n de Proveedores En GTA COLOMBIA S.A.S. Asumimos con seriedad la construcci\u00f3n de relaciones s\u00f3lidas y duraderas con nuestros<span class=\"excerpt-hellip\"> [\u2026]<\/span><\/div><\/div><div class=\"links-wrappper clearfix\"><a class=\"zoom\" href=\"\" rel=\"prettyphoto\"><i class=\"icon-search\"><\/i><\/a><a class=\"link\" href=\"https:\/\/www.gtaingenieria.com\/index.php\/portfolio-item\/inscripcion-y-seleccion-del-proveedor\/\"><i class=\"icon-link\"><\/i><\/a><\/div><\/div><div class=\"image-wrapper scale-with-grid\"><a class=\"link\" href=\"https:\/\/www.gtaingenieria.com\/index.php\/portfolio-item\/inscripcion-y-seleccion-del-proveedor\/\"><\/a><\/div><\/div><\/li><li class=\"portfolio-item isotope-item category-proveedores  no-thumbnail\"><div class=\"masonry-hover-wrapper\"><div class=\"hover-desc bg-dark\" style=\"\"><div class=\"desc-inner\"><h3 class=\"entry-title\" itemprop=\"headline\"><a class=\"link\" href=\"https:\/\/www.gtaingenieria.com\/index.php\/portfolio-item\/actualiza-tus-datos-como-proveedor\/\">ACTUALIZA TUS DATOS COMO PROVEEDOR<\/a><\/h3><div class=\"desc-wrappper\">Actualiza Tus Datos como Proveedor de GTA COLOMBIA S.A.S. En GTA COLOMBIA S.A.S. es muy importante mantener una relaci\u00f3n s\u00f3lida y duradera con nuestros proveedores, es<span class=\"excerpt-hellip\"> [\u2026]<\/span><\/div><\/div><div class=\"links-wrappper clearfix\"><a class=\"zoom\" href=\"\" rel=\"prettyphoto\"><i class=\"icon-search\"><\/i><\/a><a class=\"link\" href=\"https:\/\/www.gtaingenieria.com\/index.php\/portfolio-item\/actualiza-tus-datos-como-proveedor\/\"><i class=\"icon-link\"><\/i><\/a><\/div><\/div><div class=\"image-wrapper scale-with-grid\"><a class=\"link\" href=\"https:\/\/www.gtaingenieria.com\/index.php\/portfolio-item\/actualiza-tus-datos-como-proveedor\/\"><\/a><\/div><\/div><\/li><li class=\"portfolio-item isotope-item category-proveedores  no-thumbnail\"><div class=\"masonry-hover-wrapper\"><div class=\"hover-desc bg-dark\" style=\"\"><div class=\"desc-inner\"><h3 class=\"entry-title\" itemprop=\"headline\"><a class=\"link\" href=\"https:\/\/www.gtaingenieria.com\/index.php\/portfolio-item\/solicitud-de-certificacion-tributaria\/\">SOLICITUD DE CERTIFICACI\u00d3N TRIBUTARIA<\/a><\/h3><div class=\"desc-wrappper\">En GTA COLOMBIA S.A.S. Para mantener una relaci\u00f3n transparente y confiable con nuestros proveedores, les ofrecemos la facilidad de obtener su certificaci\u00f3n tributaria de manera r\u00e1pida<span class=\"excerpt-hellip\"> [\u2026]<\/span><\/div><\/div><div class=\"links-wrappper clearfix\"><a class=\"zoom\" href=\"\" rel=\"prettyphoto\"><i class=\"icon-search\"><\/i><\/a><a class=\"link\" href=\"https:\/\/www.gtaingenieria.com\/index.php\/portfolio-item\/solicitud-de-certificacion-tributaria\/\"><i class=\"icon-link\"><\/i><\/a><\/div><\/div><div class=\"image-wrapper scale-with-grid\"><a class=\"link\" href=\"https:\/\/www.gtaingenieria.com\/index.php\/portfolio-item\/solicitud-de-certificacion-tributaria\/\"><\/a><\/div><\/div><\/li><li class=\"portfolio-item isotope-item category-proveedores  no-thumbnail\"><div class=\"masonry-hover-wrapper\"><div class=\"hover-desc bg-dark\" style=\"\"><div class=\"desc-inner\"><h3 class=\"entry-title\" itemprop=\"headline\"><a class=\"link\" href=\"https:\/\/www.gtaingenieria.com\/index.php\/portfolio-item\/solicitud-certificado-de-contratista\/\">SOLICITUD CERTIFICADO DE CONTRATISTA<\/a><\/h3><div class=\"desc-wrappper\">Para fortalecer nuestra relaci\u00f3n con nuestros valiosos contratistas, GTA les ofrece la facilidad de obtener su Certificado de Contratista de manera r\u00e1pida y sencilla. \u00bfQu\u00e9 es<span class=\"excerpt-hellip\"> [\u2026]<\/span><\/div><\/div><div class=\"links-wrappper clearfix\"><a class=\"zoom\" href=\"\" rel=\"prettyphoto\"><i class=\"icon-search\"><\/i><\/a><a class=\"link\" href=\"https:\/\/www.gtaingenieria.com\/index.php\/portfolio-item\/solicitud-certificado-de-contratista\/\"><i class=\"icon-link\"><\/i><\/a><\/div><\/div><div class=\"image-wrapper scale-with-grid\"><a class=\"link\" href=\"https:\/\/www.gtaingenieria.com\/index.php\/portfolio-item\/solicitud-certificado-de-contratista\/\"><\/a><\/div><\/div><\/li><li class=\"portfolio-item isotope-item category-proveedores  no-thumbnail\"><div class=\"masonry-hover-wrapper\"><div class=\"hover-desc bg-dark\" style=\"\"><div class=\"desc-inner\"><h3 class=\"entry-title\" itemprop=\"headline\"><a class=\"link\" href=\"https:\/\/www.gtaingenieria.com\/index.php\/portfolio-item\/obten-tus-referencias-comerciales\/\">OBT\u00c9N TUS REFERENCIAS COMERCIALES<\/a><\/h3><div class=\"desc-wrappper\">Para fortalecer tu perfil comercial y abrir las puertas a nuevas oportunidades, El Grupo GTA te ofrece la facilidad de obtener Referencias Comerciales de manera r\u00e1pida<span class=\"excerpt-hellip\"> [\u2026]<\/span><\/div><\/div><div class=\"links-wrappper clearfix\"><a class=\"zoom\" href=\"\" rel=\"prettyphoto\"><i class=\"icon-search\"><\/i><\/a><a class=\"link\" href=\"https:\/\/www.gtaingenieria.com\/index.php\/portfolio-item\/obten-tus-referencias-comerciales\/\"><i class=\"icon-link\"><\/i><\/a><\/div><\/div><div class=\"image-wrapper scale-with-grid\"><a class=\"link\" href=\"https:\/\/www.gtaingenieria.com\/index.php\/portfolio-item\/obten-tus-referencias-comerciales\/\"><\/a><\/div><\/div><\/li><\/ul><\/div>\n<\/div>\n[\/vc_column][\/vc_row]<\/p>\n","protected":false},"excerpt":{"rendered":"<p>[vc_row][vc_column css=&#8221;.vc_custom_1715188948276{margin-top: 3px !important;margin-right: 3px !important;margin-bottom: 3px !important;margin-left: 3px !important;border-top-width: 3px !important;border-right-width: 3px !important;border-bottom-width: 3px !important;border-left-width: 3px !important;padding-top: 3px !important;padding-right: 3px !important;padding-bottom: 3px !important;padding-left: 3px !important;}&#8221;][\/vc_column][\/vc_row]<\/p>\n","protected":false},"author":2,"featured_media":0,"parent":0,"menu_order":0,"comment_status":"closed","ping_status":"closed","template":"","meta":[],"_links":{"self":[{"href":"https:\/\/www.gtaingenieria.com\/index.php\/wp-json\/wp\/v2\/pages\/27317"}],"collection":[{"href":"https:\/\/www.gtaingenieria.com\/index.php\/wp-json\/wp\/v2\/pages"}],"about":[{"href":"https:\/\/www.gtaingenieria.com\/index.php\/wp-json\/wp\/v2\/types\/page"}],"author":[{"embeddable":true,"href":"https:\/\/www.gtaingenieria.com\/index.php\/wp-json\/wp\/v2\/users\/2"}],"replies":[{"embeddable":true,"href":"https:\/\/www.gtaingenieria.com\/index.php\/wp-json\/wp\/v2\/comments?post=27317"}],"version-history":[{"count":21,"href":"https:\/\/www.gtaingenieria.com\/index.php\/wp-json\/wp\/v2\/pages\/27317\/revisions"}],"predecessor-version":[{"id":27690,"href":"https:\/\/www.gtaingenieria.com\/index.php\/wp-json\/wp\/v2\/pages\/27317\/revisions\/27690"}],"wp:attachment":[{"href":"https:\/\/www.gtaingenieria.com\/index.php\/wp-json\/wp\/v2\/media?parent=27317"}],"curies":[{"name":"wp","href":"https:\/\/api.w.org\/{rel}","templated":true}]}}